78. Determine w(-37).
4
Let p(t) = -t**3 - 10*t**2 - 7*t - 8. Calculate p(-6).
-110
Let l(n) = -n**3 + 2*n**2 + 2*n + 6. What is l(3)?
3
Let c(r) = -r**2 - 12*r + 13. Give c(-13).
0
Let m(i) = -i**3 - 5*i**2 + 2*i + 2. What is m(-4)?
-22
Let p(k) = -k**2 - 7*k + 4. Give p(-6).
10
Let x(q) = 15*q + 25. Determine x(-7).
-80
Let r(p) = p**3 - 33*p**2 + 138*p + 62. What is r(28)?
6
Let d(z) = -20*z. Calculate d(1).
-20
Let m(o) = -o**3 + 14*o**2 - 10*o - 41. Give m(13).
-2
Let a(u) = -u**3 - 8*u**2 + 8*u + 65. Calculate a(-8).
1
Let m(w) = 115*w - 5. Calculate m(1).
110
Let r(t) = -t**2 - 56*t - 492. Give r(-11).
3
Let h(y) = -y**2 - 7*y - 5. Give h(-5).
5
Let o(y) = y + 6. Calculate o(-6).
0
Let u(l) = -2*l**3 - 5*l**2 - 3*l - 1. Determine u(-3).
17
Let i(p) = 5*p**2 + 69*p - 19. Give i(-14).
-5
Let w(m) = m**2 - m + 4. Determine w(3).
10
Let w(t) = -t**3 + t**2 + 18*t - 36. Determine w(3).
0
Let u(q) = q - 19. What is u(6)?
-13
Let b(d) = d**3 + 6*d**2 - 5*d - 2. Determine b(-7).
-16
Let q(p) = -p**3 + p**2 - 3*p + 1. Give q(2).
-9
Let r(q) = -12*q**2 - 3*q + 4. Give r(-3).
-95
Let x(v) = v**3 - v**2 - 2*v + 4. Calculate x(3).
16
Let v(a) = a**2 + 6*a - 11. Give v(-10).
29
Let j(z) = -z**3 + 7*z**2 - 3*z + 5. What is j(7)?
-16
Let o(s) = -s**2 - 8*s - 15. What is o(-5)?
0
Let t(l) = l**3 - 8*l**2 - l + 21. What is t(8)?
13
Let z(n) = -2*n**2 + 4*n + 342. Calculate z(14).
6
Let j(z) = z**2 + z. Determine j(-5).
20
Let l(v) = v**2 - 3*v - 16. Determine l(-12).
164
Let w(u) = u**2 + 15*u + 24. What is w(-12)?
-12
Let y(w) = -5*w + 20. Give y(7).
-15
Let d(a) = -9*a**2 + 41*a - 1. Give d(4).
19
Let n(y) = -y**2 - 12*y + 44. What is n(-13)?
31
Let f(q) = -3*q**3 - 4*q**2 + 9*q + 1. Calculate f(-4).
93
Let h(m) = -9*m + 75. Give h(9).
-6
Let x(m) = 7*m - 107. Calculate x(16).
5
Let h(m) = 3*m + 47. Calculate h(-19).
-10
Let d(i) = -32*i + 189. What is d(6)?
-3
Let k(a) = 5*a - 15. Determine k(-3).
-30
Let t(x) = -x**3 - 5*x + 3. What is t(4)?
-81
Let h(z) = 2*z**3 + 17*z**2 + 23*z + 13. Give h(-7).
-1
Let c(x) = x**2 - 7*x - 5. What is c(10)?
25
Let f(h) = -h**3 - 2*h**2 + 7*h - 4. What is f(-4)?
0
Let d(v) = -5*v**3 + v**2 + 2*v + 2. Determine d(-1).
6
Let t(b) = b + 17. Calculate t(-9).
8
Let t(z) = -2*z**2 + 5*z - 5. Calculate t(4).
-17
Let s(z) = -z**2 + 6*z - 5. Determine s(6).
-5
Let n(q) = q**3 - 5*q**2 + 5*q - 17. What is n(4)?
-13
Let f(t) = -7*t**2 - 46*t + 6. Give f(-6).
30
Let u(w) = 20*w - 11. Give u(-3).
-71
Let n(y) = y**3 - 3*y**2 + 5*y + 3. Give n(-3).
-66
Let g(c) = -c**3 - 10*c**2 - 25*c + 2. Give g(-5).
2
Let n(s) = 15*s - 51. Calculate n(3).
-6
Let i(y) = -2*y + 7. Calculate i(9).
-11
Let b(v) = -v - 1. Give b(-3).
2
Let g(a) = 2*a**2 - 8*a - 4. What is g(4)?
-4
Let o(g) = g**2 + 12*g + 12. What is o(-7)?
-23
Let q(r) = 3*r + 19. Calculate q(-13).
-20
Let x(o) = 2*o**2 - 26*o - 31. Give x(14).
-3
Let u(j) = -6*j - 70. Determine u(-11).
-4
Let i(g) = -58*g**2 - 1. Give i(-1).
-59
Let w(p) = -p. Calculate w(-10).
10
Let s(z) = z**3 - 10*z**2 + 14*z + 20. Calculate s(8).
4
Let l(m) = m**2 + 2*m - 13. Give l(0).
-13
Let w(s) = s**2 + s + 1. What is w(0)?
1
Let s(r) = -45*r + 4. Calculate s(1).
-41
Let x(v) = -2*v**2 - 14*v + 6. Give x(-10).
-54
Let p(f) = f**3 + 4*f**2 - 14*f - 3. Determine p(-6).
9
Let w(b) = 5*b + 16. Determine w(-15).
-59
Let p(v) = -v**2 + 9*v - 13. What is p(7)?
1
Let g(h) = -h**2 + 8*h - 2. Determine g(10).
-22
Let x(m) = -12*m + 243. Calculate x(20).
3
Let k(f) = f**2 + 10*f - 212. What is k(-21)?
19
Let v(q) = -22*q**2 - 1. What is v(1)?
-23
Let q(d) = 25*d + 193. Determine q(-8).
-7
Let y(h) = h**2 + 22*h + 91. Determine y(-17).
6
Let t(u) = -u**3 - 12*u**2 - 20*u + 13. Determine t(-10).
13
Let t(i) = i**3 + 7*i**2 + 3*i - 5. Calculate t(-4).
31
Let w(t) = 3*t**2 + 9*t + 4. Give w(-6).
58
Let q(g) = g**2 - 76*g + 1386. What is q(46)?
6
Let d(k) = k**3 - 2*k**2 + 1. Determine d(2).
1
Let g(j) = 13*j + 3. What is g(-4)?
-49
Let c(b) = -4*b - 12. Calculate c(-9).
24
Let g(z) = 2*z**2 - 15*z + 13. Give g(6).
-5
Let k(l) = 5*l - 52. What is k(5)?
-27
Let d(l) = -54*l + 540. Calculate d(10).
0
Let a(h) = 2*h**2 - 51*h - 26. Calculate a(25).
-51
Let h(y) = -y**2 - 21*y + 41. Give h(-23).
-5
Let o(r) = -r**3 + 6*r**2 - 2*r - 12. Calculate o(5).
3
Let h(i) = i**2 - 6*i. Give h(7).
7
Let j(c) = c**3 + 10*c**2 - 41*c - 31. Determine j(-13).
-5
Let l(y) = -y**2 - 10*y - 12. What is l(-7)?
9
Let q(a) = a - 10. What is q(5)?
-5
Let j(t) = -t + 23. Give j(21).
2
Let n(z) = z**3 + 9*z**2 + z + 1. Calculate n(-8).
57
Let h(w) = w**3 + 15*w**2 + 12*w - 11. Give h(-14).
17
Let b(s) = -s**3 - 6*s**2 - 10*s - 8. What is b(-4)?
0
Let j(f) = f**3 + 23*f**2 + 11*f + 250. Determine j(-23).
-3
Let m(s) = -19*s - 16. Give m(4).
-92
Let z(y) = y - 17. Calculate z(14).
-3
Let j(k) = 171*k + 517. Determine j(-3).
4
Let u(g) = -g**3 + 5*g**2 - 6*g + 3. What is u(4)?
-5
Let x(m) = -m**3 + 11*m**2 - 3. What is x(11)?
-3
Let u(m) = -7*m**2 - 3*m + 2. Determine u(-3).
-52
Let j(y) = -11*y - 311. Give j(-28).
-3
Let d(o) = -5*o + 161. Determine d(25).
36
Let s(y) = -6*y**2 + 45*y - 23. Determine s(7).
-2
Let p(y) = -9*y + 79. Calculate p(10).
-11
Let o(y) = -y**3 + 6*y**2 - 14*y + 18. Determine o(2).
6
Let q(o) = 2*o**3 + 25*o**2 + 7*o - 13. Determine q(-12).
47
Let p(h) = -2*h**3 + 22*h**2 + 11. Determine p(11).
11
Let l(p) = -p**3 + 6*p**2 - 4*p - 6. Give l(6).
-30
Let k(a) = -a - 10. Determine k(7).
-17
Let d(g) = -7*g**3 - g**2 + 3*g - 2. Calculate d(-2).
44
Let g(x) = -x**3 - 13*x**2 - 12*x - 6. What is g(-12)?
-6
Let b(s) = s**3 - 9*s**2 + 15*s + 3. Calculate b(7).
10
Let y(g) = 5*g - 6. Determine y(4).
14
Let m(b) = -24*b + 93. Calculate m(6).
-51
Let y(z) = -4*z - 5. Determine y(-12).
43
Let w(y) = -y**2 + 19*y - 54. Give w(16).
-6
Let o(b) = -b + 14. Calculate o(0).
14
Let n(h) = -11*h**2 - 2. What is n(-1)?
-13
Let m(o) = -o**3 + o**2 - 2*o - 18. Calculate m(0).
-18
Let i(m) = -m**2 - m + 11. Determine i(0).
11
Let f(x) = 18*x + 162. What is f(-8)?
18
Let y(o) = -2*o - 37. Calculate y(-16).
-5
Let l(v) = v**3 - 4*v**2 - 4*v - 7. Calculate l(5).
-2
Let r(n) = n**3 + 6*n**2 + 2*n + 7. Calculate r(-6).
-5
Let l(y) = -y**2 - 10*y - 23. What is l(-12)?
-47
Let k(y) = y**2 - 8*y - 5. Give k(8).
-5
Let u(a) = 2*a**3 - 6*a**2 - a - 25. What is u(4)?
3
Let k(g) = -2*g**2 + 57*g - 85. What is k(27)?
-4
Let r(f) = 10*f - 39. Determine r(3).
-9
Let x(z) = -z**3 + 8*z**2 + 4*z + 7. Determine x(9).
-38
Let k(d) = -8*d + 3. Give k(1).
-5
Let g(m) = m**2 - 3. Calculate g(-6).
33
Let j(a) = a**2 - 3*a - 4. Calculate j(5).
6
Let w(y) = 8*y**2 + 4*y - 8. Calculate w(-4).
104
Let d(b) = -2*b + 8. What is d(-7)?
22
Let b(u) = -2*u**2 - u + 1. Determine b(2).
-9
Let v(s) = s**3 + 19*s**2 + 18*s + 20. Calculate v(-18).
20
Let l(u) = u**3 - 14*u**2 - 16*u + 16. What is l(15)?
1
Let d(w) = 13*w**2 + 37*w - 1. Calculate d(-3).
5
Let y(p) = 2*p**2 + 2*p - 9. What is y(-5)?
31
Let z(y) = -22*y**3 + 2*y**2 + y. Calculate z(-1).
23
Let g(z) = 4*z + 7. Determine g(-4).
-9
Let d(h) = h - 8. What is d(-6)?
-14
Let z(g) = -g. Determine z(2).
-2
Let i(j) = j**2 + j - 4. What is i(-6)?
26
Let h(k) = 21*k + 479. Determine h(-23).
-4
Let n(d) = -556*d + 2779. What is n(5)?
-1
Let d(m) = -4*m**3 + 11*m**2 + 8*m - 23. Calculate d(3).
-8
Let h(p) = -p**3 + 8*p**2 - 8*p - 3. Determine h(7).
-10
Let m(u) = u**3 - 5*u**2 + 1. Determine m(4).
-15
Let r(v) = v**3 - 3*v**2 - 4*v - 5. What is r(4)?
-5
Let p(i) = -i**3 + 18*i**2 + 4*i - 73. Determine p(18).
-1
Let z(u) = -2*u + 52. Give z(19).
14
Let k(a) = -a**2 - 38*a - 110. Determine k(-36).
-38
Let h(u) = -u**2 + 10*u - 16. Determine h(8).
0
Let s(a) = -a**2 + 2*a - 8. Give s(4).
-16
Let f(d) = -6*d**2 + 3*d + 4. Calculate f(4).
-80
Let p(g) = 2*g**2 - 17*g - 5. Calculate p(9).
4
Let d(k) = -44*k - 575. What is d(-13)?
-3
Let n(l) = 2*l**3 + 15*l**2 - 15*l - 45. What is n(-8)?
11
Let q(r) = 17*r**3 - r. Give q(1).
16
Let v(s) = 2*s**2 - 6*s + 7. Give v(5).
27
Let c(q) = 4*q**2 + 2*q + 3. Calculate c(-6).
135
Let v(f) = -10*f + 4. Calculate v(1).
-6
Let d(a) = -24*a**2 - 4*a - 3. Determine d(-1).
-23
Let k(q) = 7*q**3 - 3*q**2 - 3*q - 1. What is k(-1)?
-8
Let h(l) = -l**2 + 13*l - 13. Give h(12).
-1
Let l(n) = 7*n + 4. Calcu